389589783 composite?
False
Is 1438372739 composite?
True
Is 158944171 a prime number?
False
Is 18351178491 a composite number?
True
Is 9512963579 a prime number?
False
Is 1758473183 prime?
False
Is 18413737019 prime?
True
Is 208319539 composite?
False
Is 2218247399 composite?
True
Is 4859829353 a prime number?
True
Is 38183607083 prime?
False
Is 41545278151 composite?
True
Is 270705613 a composite number?
True
Is 11355354267 prime?
False
Is 6550929829 composite?
True
Is 87117562291 composite?
True
Is 5139937573 a composite number?
True
Is 4132212677 a composite number?
True
Is 3565888439 prime?
True
Is 31509834259 prime?
True
Is 31249707829 a prime number?
True
Is 760000321 a prime number?
False
Is 159243196843 composite?
False
Is 42138090149 prime?
True
Is 15961378019 a prime number?
True
Is 2719605331 a prime number?
False
Is 315611027 composite?
False
Is 12145857161 prime?
True
Is 6987785437 a prime number?
True
Is 3748660103 composite?
True
Is 42019539923 composite?
False
Is 148665497 a prime number?
False
Is 2792376637 a prime number?
False
Is 57451749989 a composite number?
False
Is 47229549049 a prime number?
True
Is 42686600027 composite?
False
Is 943697509 a prime number?
True
Is 3001060219 prime?
True
Is 673454827 a prime number?
True
Is 34466711 a composite number?
False
Is 2052190951 composite?
False
Is 14060445241 prime?
True
Is 20854796939 a composite number?
False
Is 20150511361 composite?
False
Is 1269513203 composite?
True
Is 11604151 composite?
True
Is 53090505271 a prime number?
True
Is 40411287149 prime?
True
Is 100837192931 a composite number?
True
Is 13494400483 a prime number?
False
Is 156460195 a prime number?
False
Is 673961213 a prime number?
False
Is 69160970401 a prime number?
True
Is 95832451397 prime?
True
Is 10832138137 prime?
False
Is 31315346441 a composite number?
False
Is 856274809 a composite number?
True
Is 331328359 a prime number?
True
Is 10575410699 a composite number?
True
Is 3509844251 a composite number?
False
Is 2596504901 a prime number?
True
Is 2823818951 composite?
True
Is 2811937793 prime?
False
Is 48224987507 a composite number?
True
Is 26789280251 composite?
False
Is 1205700037 a composite number?
False
Is 270237683 composite?
True
Is 67774342819 composite?
True
Is 191289577553 a prime number?
True
Is 44109227 prime?
True
Is 34691727997 prime?
True
Is 104294219 a composite number?
False
Is 10680108779 composite?
True
Is 3033363041 prime?
True
Is 8864318851 composite?
False
Is 750826429 a prime number?
True
Is 13156720067 a composite number?
True
Is 1035866329 a composite number?
False
Is 159890874319 a prime number?
False
Is 3300574931 composite?
False
Is 12402007711 a prime number?
False
Is 59121930677 a composite number?
True
Is 1517441911 a prime number?
False
Is 83662748443 prime?
False
Is 619182601 a prime number?
False
Is 1163163601 a prime number?
True
Is 13834433779 prime?
False
Is 931566967 composite?
False
Is 8745817559 prime?
False
Is 37974751 composite?
False
Is 77239795979 a composite number?
False
Is 1217490653 a prime number?
True
Is 16841340679 a prime number?
False
Is 5985555967 a prime number?
True
Is 145614757 prime?
True
Is 29458828079 a prime number?
True
Is 91896757093 prime?
True
Is 5719890653 a prime number?
True
Is 10874995837 prime?
True
Is 413156141 prime?
True
Is 674314939 a prime number?
False
Is 32800063903 a composite number?
False
Is 2514513613 composite?
False
Is 544869827 a prime number?
True
Is 13547468647 composite?
False
Is 564133223 a prime number?
True
Is 54211068113 prime?
False
Is 1115006027 prime?
False
Is 62401673 a composite number?
False
Is 3031097659 prime?
True
Is 128724874 a composite number?
True
Is 3070107089 prime?
False
Is 7683343727 a prime number?
True
Is 21659871049 a composite number?
True
Is 3393309721 composite?
True
Is 59221476869 prime?
True
Is 44643435847 a composite number?
False
Is 302853073 composite?
False
Is 8136172241 a prime number?
False
Is 13899137271 a prime number?
False
Is 1616839013 composite?
False
Is 991257755 prime?
False
Is 942418929 prime?
False
Is 9216164171 a prime number?
False
Is 8359821593 a prime number?
True
Is 925950059 composite?
True
Is 3228090881 a composite number?
False
Is 27521816603 a prime number?
True
Is 13578136717 a prime number?
False
Is 1050155177 a prime number?
True
Is 882535897 a prime number?
True
Is 677720027 prime?
True
Is 10794647 composite?
False
Is 2987269229 prime?
False
Is 19325879689 composite?
True
Is 5132210651 a prime number?
True
Is 5684099567 composite?
False
Is 127918635437 a prime number?
True
Is 9859006771 composite?
True
Is 3707199973 a prime number?
True
Is 230744453 composite?
True
Is 2559600353 a composite number?
True
Is 5870878661 a prime number?
False
Is 32311479205 a prime number?
False
Is 2061609751 a composite number?
False
Is 5077067467 prime?
True
Is 1569922735 a composite number?
True
Is 14752369661 composite?
True
Is 98842901 composite?
False
Is 29997208091 a composite number?
False
Is 2549379071 composite?
False
Is 6682888207 prime?
False
Is 1047895151 prime?
True
Is 17112932981 prime?
True
Is 1710256237 prime?
False
Is 3921467519 a prime number?
False
Is 5550979801 a composite number?
True
Is 964417829 prime?
True
Is 862440213 prime?
False
Is 534349841 prime?
True
Is 31590130807 prime?
False
Is 3358890503 composite?
False
Is 1331539019 prime?
False
Is 1948768751 composite?
False
Is 16999313477 a prime number?
True
Is 897899669 prime?
True
Is 111716477 a prime number?
True
Is 6401522597 a prime number?
False
Is 428153849 a prime number?
False
Is 855942629 a composite number?
True
Is 72326836927 a prime number?
True
Is 819510557 prime?
True
Is 20131130483 prime?
False
Is 6150326731 a prime number?
True
Is 49451462183 composite?
False
Is 4944088651 composite?
True
Is 78222519533 a prime number?
False
Is 10513208341 a prime number?
True
Is 38536669 a composite number?
False
Is 677014849 a composite number?
True
Is 354682221 a prime number?
False
Is 935407922 prime?
False
Is 15052356659 composite?
True
Is 63038665621 a prime number?
False
Is 24524963873 a prime number?
False
Is 45417707 a prime number?
True
Is 28790208479 a composite number?
True
Is 1278371137 prime?
False
Is 10913689931 a prime number?
True
Is 573503669 composite?
False
Is 78108238561 a prime number?
True
Is 1558139939 composite?
False
Is 13649843033 a composite number?
True
Is 2002984157 a prime number?
True
Is 127770035663 a composite number?
False
Is 9087456605 prime?
False
Is 6716039453 composite?
False
Is 251240209 a prime number?
False
Is 12159584183 prime?
False
Is 55112349718 a composite number?
True
Is 2613029099 composite?
False
Is 38854219 composite?
True
Is 3730649567 a prime number?
True
Is 3556514267 composite?
True
Is 2317157701 a prime number?
False
Is 5105427303 a prime number?
False
Is 62825067187 a prime number?
True
Is 241082441 a composite number?
False
Is 61475159 a prime number?
False
Is 6015050299 a composite number?
True
Is 5859254243 composite?
True
Is 197036129 composite?
False
Is 401545273 a prime number?
False
Is 398447407 a prime number?
True
Is 878504449 composite?
False
Is 1115394662 prime?
False
Is 993583741 composite?
False
Is 7009016353 a prime number?
True
Is 890072242 prime?
False
Is 61961828371 composite?
False
Is 231885377585 prime?
False
Is 44959766017 prime?
False
Is 45578166143 prime?
True
Is 1003795019 prime?
False
Is 10020342193 composite?
False
Is 4549159033 composite?
True
Is 2686903451 prime?
False
Is 143894659159 a composite number?
True
Is 20183588083 composite?
True
Is 902076743 a composite number?
False
Is 14804711 a composite number?
True
Is 111692059 a composite number?
True
Is 12633873533 prime?
True
Is 44378235887 prime?
False
Is 1062003289 prime?
True
Is 1037350147 a prime number?
True
Is 5478110941 a composite number?
False
Is 1523201987 a composite number?
True
Is 18201758165 a composite number?
True
Is 11836147629 prime?
False
Is 10027557079 a prime number?
True
Is 276652606031 prime?
True
Is 86120273 a prime number?
False
Is 3352221599 a prime number?
False
Is 331984706 a prime number?
False
Is 10875650653 a prime number?
False
Is 13773538361 a composite number?
True
Is 2659251577 prime?
True
Is 8797286101 a composite number?
True
Is 